by 528.
344
Calculate the remainder when 101787 is divided by 435.
432
What is the remainder when 631 is divided by 48?
7
Calculate the remainder when 11815 is divided by 5906.
3
Calculate the remainder when 31052 is divided by 203.
196
Calculate the remainder when 21719 is divided by 34.
27
What is the remainder when 123413 is divided by 34?
27
Calculate the remainder when 1222 is divided by 381.
79
Calculate the remainder when 11219 is divided by 22.
21
Calculate the remainder when 2587073 is divided by 31.
30
What is the remainder when 2108875 is divided by 164?
163
What is the remainder when 3276 is divided by 73?
64
What is the remainder when 13041 is divided by 928?
49
Calculate the remainder when 238547 is divided by 650.
647
Calculate the remainder when 478834 is divided by 239407.
20
Calculate the remainder when 40702 is divided by 128.
126
What is the remainder when 4832 is divided by 643?
331
Calculate the remainder when 8728 is divided by 316.
196
What is the remainder when 213173 is divided by 164?
137
What is the remainder when 3192 is divided by 611?
137
Calculate the remainder when 343869 is divided by 347.
339
Calculate the remainder when 109196 is divided by 105.
101
Calculate the remainder when 146574 is divided by 29312.
14
What is the remainder when 108029 is divided by 205?
199
Calculate the remainder when 2191543 is divided by 9.
7
What is the remainder when 11847 is divided by 723?
279
What is the remainder when 20436 is divided by 9?
6
What is the remainder when 3965 is divided by 81?
77
What is the remainder when 73457 is divided by 22?
21
What is the remainder when 1427 is divided by 1023?
404
What is the remainder when 42793 is divided by 1337?
9
Calculate the remainder when 74490 is divided by 165.
75
Calculate the remainder when 1180 is divided by 753.
427
What is the remainder when 6432 is divided by 111?
105
Calculate the remainder when 19398 is divided by 40.
38
What is the remainder when 471 is divided by 145?
36
What is the remainder when 94588 is divided by 323?
272
What is the remainder when 44182 is divided by 940?
2
What is the remainder when 18003 is divided by 1011?
816
Calculate the remainder when 1258 is divided by 422.
414
Calculate the remainder when 4857 is divided by 152.
145
What is the remainder when 551550 is divided by 139?
137
What is the remainder when 41855 is divided by 809?
596
Calculate the remainder when 49952 is divided by 1218.
14
What is the remainder when 164850 is divided by 128?
114
Calculate the remainder when 1385 is divided by 213.
107
Calculate the remainder when 149696 is divided by 58.
56
Calculate the remainder when 84381 is divided by 511.
66
What is the remainder when 2134 is divided by 608?
310
What is the remainder when 20555 is divided by 1284?
11
Calculate the remainder when 913935 is divided by 13.
9
What is the remainder when 8870 is divided by 1251?
113
What is the remainder when 1886 is divided by 290?
146
Calculate the remainder when 7406 is divided by 66.
14
What is the remainder when 9530 is divided by 154?
136
Calculate the remainder when 21909 is divided by 374.
217
What is the remainder when 9398 is divided by 435?
263
Calculate the remainder when 3604 is divided by 124.
8
What is the remainder when 772 is divided by 14?
2
Calculate the remainder when 665 is divided by 123.
50
Calculate the remainder when 2625277 is divided by 47.
45
What is the remainder when 9338 is divided by 11?
10
Calculate the remainder when 28 is divided by 8.
4
What is the remainder when 803133 is divided by 65?
58
Calculate the remainder when 11403 is divided by 2833.
71
What is the remainder when 23412 is divided by 227?
31
Calculate the remainder when 7233 is divided by 19.
13
Calculate the remainder when 24019 is divided by 4802.
9
Calculate the remainder when 237 is divided by 4.
1
Calculate the remainder when 1816 is divided by 907.
2
Calculate the remainder when 59377 is divided by 6594.
31
Calculate the remainder when 10203 is divided by 72.
51
Calculate the remainder when 45539 is divided by 5691.
11
Calculate the remainder when 2594 is divided by 1430.
1164
What is the remainder when 239797 is divided by 401?
400
Calculate the remainder when 3665 is divided by 75.
65
What is the remainder when 13345 is divided by 430?
15
Calculate the remainder when 3697 is divided by 710.
147
Calculate the remainder when 43609 is divided by 421.
246
Calculate the remainder when 1452541 is divided by 91.
90
What is the remainder when 51716 is divided by 132?
104
Calculate the remainder when 45535 is divided by 552.
271
What is the remainder when 1720 is divided by 436?
412
Calculate the remainder when 8345 is divided by 2757.
74
What is the remainder when 3920 is divided by 1635?
650
What is the remainder when 8354 is divided by 252?
38
What is the remainder when 4682 is divided by 779?
8
Calculate the remainder when 153 is divided by 92.
61
Calculate the remainder when 11667 is divided by 70.
47
What is the remainder when 9332 is divided by 112?
36
What is the remainder when 17953 is divided by 5980?
13
What is the remainder when 5090 is divided by 564?
14
What is the remainder when 4186 is divided by 4178?
8
Calculate the remainder when 1423 is divided by 139.
33
What is the remainder when 81757 is divided by 286?
247
Calculate the remainder when 4907 is divided by 152.
43
What is the remainder when 2819398 is divided by 82?
74
What is the remainder when 2125 is divided by 143?
123
Calculate the remainder when 1098 is divided by 55.
53
Calculate the remainder when 209892 is divided by 104940.
12
What is the remainder when 45693 is divided by 34?
31
Calculate the remainder when 3014 is divided by 96.
38
What is the remainder when 111748 is divided by 6?
4
What is the remainder when 1424 is divided by 345?
44
Calculate the remainder when 1089381 is divided by 456.
453
What is the remainder when 1270 is divided by 447?
376
What is the remainder when 269083 is divided by 39?
22
Calculate the remainder when 1478 is divided by 65.
48
What is the remainder when 2154901 is divided by 6530?
1
Calculate the remainder when 2530 is divided by 93.
19
What is the remainder when 436 is divided by 175?
86
Calculate the remainder when 1818 is divided by 544.
186
Calculate the remainder when 59219 is divided by 90.
89
Calculate the remainder when 13576 is divided by 60.
16
What is the remainder when 127372 is divided by 316?
24
What is the remainder when 8993 is divided by 138?
23
What is the remainder when 25008 is divided by 27?
6
What is the remainder when 1498012 is divided by 191?
190
Calculate the remainder when 789656 is divided by 139.
136
What is the remainder when 18538 is divided by 9266?
6
What is the remainder when 163974 is divided by 4554?
30
Calculate the remainder when 41015 is divided by 202.
9
What is the remainder when 26608 is divided by 92?
20
What is the remainder when 32353 is divided by 1296?
1249
Calculate the remainder when 91237 is divided by 30.
7
What is the remainder when 693 is divided by 437?
256
What is the remainder when 35437 is divided by 5047?
108
What is the remainder when 93160 is divided by 25?
10
What is the remainder when 5348 is divided by 1216?
484
Calculate the remainder when 6212 is divided by 30.
2
What is the remainder when 55645 is divided by 732?
13
What is the remainder when 3774 is divided by 470?
14
Calculate the remainder when 1545 is divided by 290.
95
What is the remainder when 104187 is divided by 116?
19
Calculate the remainder when 1165 is divided by 551.
63
Calculate the remainder when 11872 is divided by 2344.
152
What is the remainder when 9958 is divided by 243?
238
What is the remainder when 1548 is divided by 509?
21
Calculate the remainder when 92682 is divided by 185.
182
Calculate the remainder when 78342 is divided by 26105.
27
What is the remainder when 18670 is divided by 138?
40
Calculate the remainder when 1080342 is divided by 212.
202
What is the remainder when 12267 is divided by 1036?
871
Calculate the remainder when 1031 is divided by 980.
51
What is the remainder when 1369194 is divided by 342297?
6
Calculate the remainder when 24264 is divided by 45.
9
Calculate the remainder when 11642 is divided by 5821.
0
Calculate the